ainder when s is divided by f.
1
Let v = 2214 - 2109. What is the remainder when v is divided by (12/15)/((-1)/(-35))?
21
Suppose -3*o - 1 = -7. Suppose -5*i - 15 = -2*g, 4*g - 3*g - o*i = 6. Suppose g = -9*s + 11*s - 114. What is the remainder when s is divided by 10?
7
Suppose 15 = 3*k, -43*n + 42*n - 4*k + 130 = 0. What is the remainder when n is divided by 40 - (2 - (2 - 1))?
32
Suppose 2*c + 9*s = 167, 0 = 21*c - 17*c + 3*s - 319. Calculate the remainder when 357 is divided by c.
41
Suppose 0 = -2*i + 8*i - 24. Calculate the remainder when (-293)/(-5) + i/(-20)*-2 is divided by 9.
5
Let u(b) = b + 54. Calculate the remainder when (-30)/4*(-24)/10 is divided by u(-47).
4
Let y(n) = 416*n**2 + 8*n - 6. Calculate the remainder when y(-1) is divided by 99.
6
Let d = -145 - -97. Let c = -372 + 432. Let z = c + d. What is the remainder when 18 is divided by z?
6
Let a(d) = 2*d**2 - d + 6. Let b = 157 - 102. Calculate the remainder when b is divided by a(0).
1
Let h(t) = -24*t - 1359. What is the remainder when h(-58) is divided by 11?
0
Suppose -39*o + 33 = -45. Calculate the remainder when ((-47)/(-94))/(o*(-1)/(-424)) is divided by 11.
7
Let p(q) = -7*q**2 - 19*q - 36. Let t(n) = -20*n**2 - 57*n - 109. Let h(k) = 17*p(k) - 6*t(k). Calculate the remainder when h(-18) is divided by 1/(-8)*2*-12.
0
Let p(r) = 2*r**3 - r**2 - 5*r - 2. Let a(v) = 3*v**2 - 3*v + 1. Let u be a(2). Let j = -3 + u. Calculate the remainder when p(j) is divided by 23.
21
Let g = 93281 + -48498. What is the remainder when g is divided by 265?
263
Suppose -l + 5*c - 1 + 7 = 0, 0 = 3*l + 3*c + 36. Let r(j) = j**2 + 8*j - 5. Calculate the remainder when 428/214 - 18/(-2 - 0) is divided by r(l).
3
Suppose -3*v = -4*q - 234 + 10, -4*v + q = -290. Calculate the remainder when 1727 is divided by v.
71
Let l(d) = 13*d + 1339. Calculate the remainder when l(-67) is divided by 42.
6
Let p(k) = 7*k**2 - 43*k + 51. Suppose 0 = -5*h - u + 20, 5*h - 3*h - 8 = -u. Calculate the remainder when p(5) is divided by h.
3
What is the remainder when 908 - (-442)/(3 + 14) is divided by 288?
70
Suppose -162855 = -75*k + 6870. What is the remainder when k is divided by 60?
43
Let c be (256/12)/((-12)/54). Let a = c - -110. Calculate the remainder when 35 is divided by a.
7
Suppose l + 0*l - 9 = 0. Let x = 13 - l. Calculate the remainder when -5*(-3 + -4*1/(-4)) is divided by x.
2
Let l(z) = 19*z**3 - 2*z**2 - 2*z + 5. Let f be l(1). Suppose 3*a + 5*p + 13 - 50 = 0, 4*p = f. Calculate the remainder when 25 is divided by a.
1
Suppose 2393*d - 2391*d = -2*j + 106, j - 56 = -4*d. What is the remainder when 465 is divided by j?
49
Let t(o) = 6*o**2 - 16*o + 33. Let m be t(2). Suppose -m*n + 979 = -1846. Calculate the remainder when n is divided by 21.
8
Let h = 4331 - 4325. Suppose 175 = 3*p + 2*p. Suppose -49 = -h*x + p. What is the remainder when 123 is divided by x?
11
Let b(z) = z**3 - 39*z**2 - 28*z - 363. What is the remainder when 458 is divided by b(40)?
107
Let g(s) = -s**3 + 13*s**2 - 19*s + 84. Let i be g(12). Suppose i = 4*l - 642 + 30. Calculate the remainder when l is divided by 31.
29
Let r(j) = -203*j - 1334. Calculate the remainder when r(-8) is divided by 108.
74
Suppose 24*f - 3074 = -91 + 3185. Calculate the remainder when f is divided by 34.
19
Calculate the remainder when 4121 is divided by 537/15 - 3 - (-34)/170.
29
Suppose 0 = h - 4*w - 22, -26*h - w = -30*h + 43. Calculate the remainder when (-8)/h*(-2485)/142 is divided by (-4)/(-2) + 0 + 3.
4
Suppose -2*w + 34 = h, 82*w - 77*w + 5*h - 90 = 0. Let g(p) = -p**2 + 15*p - 13. Let b be g(7). Let l = b + 4. Calculate the remainder when l is divided by w.
15
Suppose 0 = 2*n - 10*p + 2 - 20, 0 = 3*n + 2*p - 95. Calculate the remainder when 4145 is divided by n.
27
Suppose 2*t = -2*t + g + 64, 0 = -4*g + 16. Suppose 68 = t*s - 15*s. Calculate the remainder when s is divided by 5.
4
Let r = 983 - 752. Suppose 61*z + r = 68*z. What is the remainder when z is divided by 5?
3
Suppose 0 = -4*i + m + 404 - 30, 380 = 4*i + 2*m. Suppose i*h = 108*h - 938. Calculate the remainder when h is divided by 34.
33
Suppose -2*t + 2*h + 14388 = 1974, -t + 2*h = -6209. What is the remainder when t is divided by 32?
29
Let n(y) = 14*y**2 - 26*y + 8. Let p be n(5). Calculate the remainder when 1563/(-18)*-2 + p/171 is divided by 33.
10
Let n(t) = -2*t**3 - 20*t**2 - 3*t - 7. Let b(c) = -7*c + 137. Let v be b(21). Calculate the remainder when n(v) is divided by 2/(-1)*1 + 10.
7
Let m = -5768 - -6152. What is the remainder when m is divided by 106?
66
Let z be 80/24*((-172)/(-20) - -1). Suppose -9*l = z*l - 328. Calculate the remainder when 196 is divided by l.
4
Let f be 1 + 7 - (-18)/(-6). Suppose w - 41 = t, f*w - 2*t = t + 213. Suppose 3*m = -12, 4*i - 2*m + 166 = 706. Calculate the remainder when i is divided by w.
43
Let f(c) = 20*c**2 - 6*c + 4. Let t(d) = -14*d + 183. Let u be t(13). Calculate the remainder when 89 is divided by f(u).
17
Calculate the remainder when 360 is divided by (-8)/14*(14 - (-714)/(-12)*3).
78
Suppose 32*f = 6208 + 2528. Calculate the remainder when 835 is divided by f.
16
Let q(j) = 17 + 78*j**2 - 13 - 8 + 1 + 2*j. What is the remainder when 229 is divided by q(1)?
75
Let g be ((-6)/(-1))/((-168)/(-16) - 9). Suppose 4*s - 503 = -3*t - 118, 377 = 3*t - g*s. Calculate the remainder when t is divided by 44.
39
What is the remainder when 3*(-8)/(-6)*2 + 322 is divided by 132?
66
Let v = -27157 + 27174. Calculate the remainder when 2/(-9) + 191/9 is divided by v.
4
Suppose 0 = 192*x - 292*x + 22400. Calculate the remainder when 224 is divided by x.
0
Suppose -9*n - 27 = 0, 3*w - 4*w = -2*n - 14. What is the remainder when 567 is divided by w?
7
Let i be (0 + 1/(-2))/(58/696). Let l(x) = -6*x - 30. Calculate the remainder when 95 is divided by l(i).
5
Let w(x) = x**3 + 2*x**2 - 3*x. Let m = 7651 + -7636. What is the remainder when w(3) is divided by m?
6
Calculate the remainder when 421 is divided by 3*(12/(-102) + 28652/204).
0
Let k be (2 - -4)/(11/((-22)/(-4))). Suppose -191 = -4*r + 7*b - 6*b, -2*r = -k*b - 103. Calculate the remainder when 206 is divided by r.
18
Let j(a) be the first derivative of 6*a**2 + 24*a + 22. Calculate the remainder when j(4) is divided by 22 + 3 + -5 + 0/(-3).
12
Suppose -5*s = a + 9, -5*a + 2*s + 7 + 2 = 0. Suppose -3*g + r + a = 0, 3*r - 9 + 6 = 3*g. Calculate the remainder when 3 is divided by g.
0
Suppose 0 = 36*c + 8997 - 43341. Suppose -31*g = 22*g - c. What is the remainder when 79 is divided by g?
7
Let k(v) = -v**2 - 48*v + 430. Calculate the remainder when k(-54) is divided by 87.
19
Let u(c) = 7*c**2 - 146*c - 1554. Calculate the remainder when u(-12) is divided by 39.
36
Suppose 57 + 103 = 8*k. Suppose k*m - 58 = 182. Calculate the remainder when 118 is divided by m.
10
Suppose -2*f + 5*a = -22 + 28, -4*f + 42 = -a. What is the remainder when 231 is divided by f?
3
What is the remainder when ((-29)/(-35) - 3/7) + 28688/55 is divided by 102?
12
Suppose 7800885 = 333*l - 124*l + 548*l. What is the remainder when l is divided by 11?
9
Let y = 27 + 33. Suppose 0 = -95*b + 92*b + y. What is the remainder when b is divided by 8?
4
Let b(g) be the second derivative of g**3/2 + 37*g**2 + 155*g. What is the remainder when 57 is divided by b(-18)?
17
Let o = 7282 - 7272. What is the remainder when 4773 is divided by o?
3
Suppose -2*x + 38 = 4*t, -5 = -4*t + 3*t - 5*x. Calculate the remainder when (-981)/(-2)*(-424)/(-954) is divided by t.
8
Let d(q) = 2*q + 16. Let i be d(14). Suppose -i*m + 52*m = 240. What is the remainder when 72 is divided by m?
12
Let r = -4829 - -7143. What is the remainder when r is divided by 86?
78
Let o = 222 + -215. Suppose -o*j = 3*j - 950. Suppose -5*q - 2*g = g - 132, -g - 116 = -5*q. What is the remainder when j is divided by q?
23
Let i = -5 + 2. Let o be (i + 1)*(4/(-8) + 0). Suppose 0*q - 5*u - o = q, 2*q = -4*u + 4. What is the remainder when 9 is divided by q?
1
Let k = 2942 + -4256. Let c = 1993 + k. What is the remainder when c is divided by 17?
16
Let g be (-54)/(-10) - (-8)/(-20). Suppose g*f + x = 350, 3*f = -3*x + 176 + 46. What is the remainder when f is divided by (158/(-22) - (-22)/121)*(-11 + 10)?
6
What is the remainder when (7686/378)/((-2)/(